of 2/(k + (-21)/24).
2
Let i = -13 - -264. List the prime factors of i.
251
Let u(v) = -5*v**2 - 2*v - 3 - v**3 + v + 1. Let q be u(-5). Suppose k + 3 = -0, q*k - 11 = -2*b. What are the prime factors of b?
2, 5
Let g(j) = 12*j**3 - 2*j**2 + 1. Let b be g(-1). Let k = b + 32. List the prime factors of k.
19
Suppose -k = 1 - 6. Suppose 20 = l + k*g, 3*g - 35 = 3*l + l. Let y(p) = p**3 + 4*p**2 - 8*p - 6. What are the prime factors of y(l)?
3
Let w(y) = -23*y**3 + y + 1. Let t(z) = z - 4. Let l be t(3). What are the prime factors of w(l)?
23
Let t(a) = -a**3 - a**2 + 4*a + 3. Let p be t(-3). Let u = p + 43. List the prime factors of u.
2, 13
What are the prime factors of (12/4 + -20)/(-1)?
17
Suppose -s - 12 = s - 4*q, q - 4 = 0. Suppose -96 = 4*y + u, 0*y + 4*u = -s*y - 62. Let k = 32 + y. List the prime factors of k.
3
Let z be (-2)/6 - 122/(-6). Let q = 35 - z. What are the prime factors of q?
3, 5
Let l(i) = -i + 15. What are the prime factors of l(12)?
3
Let s = -228 + 543. What are the prime factors of s?
3, 5, 7
Suppose 3*d + 0*w - w = 452, 0 = 2*w - 8. List the prime factors of d.
2, 19
Let l be 5 - (2 - 2 - -1). What are the prime factors of (-8 + 6)*(-10)/l?
5
Let f(j) = j + 9. Let w be f(-7). Suppose w*s + t - 22 = 0, -6*t - 54 = -4*s - 3*t. List the prime factors of s.
2, 3
Let g(f) = 14*f. Let q be (-7 - -6) + (-4)/(-2). List the prime factors of g(q).
2, 7
Suppose -2*q + 0 + 25 = -3*t, -4*t - 45 = -5*q. Suppose c - q - 1 = 0. List the prime factors of c.
2, 3
Suppose -5*g - 130 = -670. Suppose 0 = 4*q + 24 - g. List the prime factors of q.
3, 7
Let l be (-4)/((-1 - 0)/1). Suppose -5*z = -4*q - l, 8*q - 5*z = 3*q. List the prime factors of q.
2
Let t = 654 - 226. What are the prime factors of t?
2, 107
Suppose 3*h = x - 18 + 4, -x - h + 2 = 0. Suppose -x*c + 29 + 26 = 0. What are the prime factors of c?
11
Suppose 3*b = c - 15 + 4, 4*b = 3*c - 18. What are the prime factors of (2/(-5))/(b/30)?
2
Suppose i = 157 - 48. List the prime factors of i.
109
Let y = -1 + 9. Let u(f) = f**2 - 4*f - 7. List the prime factors of u(y).
5
Suppose -q - 74 = -5*t, -17 - 32 = -3*t - 4*q. Let i = -6 + t. What are the prime factors of i?
3
Suppose 2*g - n + 113 = 32, n = -5*g - 206. Let x = 57 + g. List the prime factors of x.
2
Let f be (9/1)/(2/(-10)). What are the prime factors of -4*(3 + f/12)?
3
Let i(n) = 16*n + 11. Let b = 3 - 10. Let o(g) = -8*g - 6. Let k(j) = b*o(j) - 4*i(j). List the prime factors of k(-2).
2, 7
Let g(r) = -120*r**2 - r + 1. Let k be g(1). List the prime factors of k/(-16)*(-4)/(-5).
2, 3
Let f(k) = 2*k. Suppose -4*j + 22 - 4 = 2*l, -2*l = 3*j - 16. Let c be ((-6 - -3) + 5)*j. List the prime factors of f(c).
2
Suppose p + 31 = -9. List the prime factors of (1/(-1))/(4/p).
2, 5
Suppose 5*m = -2*o + 3*o + 100, -2*m + 40 = -5*o. Suppose -2*a = -m + 6. What are the prime factors of a?
7
Suppose -5*d = 4*f - 243, -7*d = 3*f - 2*d - 176. Suppose 7 = -4*n + f. What are the prime factors of n?
3, 5
Let z(u) = 4*u + 4. Let i = -12 - -20. What are the prime factors of z(i)?
2, 3
Suppose 2*t = -q + 2*q + 36, 2*t + 3*q = 36. Let i = t - 9. List the prime factors of i.
3
Let i(p) = -p**3 + 12*p**2 - 13*p - 3. List the prime factors of i(10).
67
Let v(k) = 4*k + 7*k - 3*k + 9*k**2 + k**3. What are the prime factors of v(-4)?
2, 3
Let c be (8/(-3) + 2)*-6. Suppose 5*j - 2*u = 14, 3*j = -2*j - 2*u + 26. Suppose 0 = j*q - q, -c*q = 2*d - 34. What are the prime factors of d?
17
Let r be 1/((-6)/4 + 1). What are the prime factors of 7/(7/(-10))*r?
2, 5
Let n(z) be the third derivative of -z**4/24 - z**3/6 - 2*z**2. Let j be n(-2). What are the prime factors of 0/(-1 - j) - -7?
7
Suppose -117 = -3*k - 30. List the prime factors of k.
29
Let h = -406 - -763. What are the prime factors of h?
3, 7, 17
Let k = -139 + 322. List the prime factors of k.
3, 61
Suppose 5*k + 8 = l + 8*k, 3*l = -k. What are the prime factors of 2*l/(8/(-28))?
7
Let l be -1 + 5 + (1 - 0). Let q = l + 3. What are the prime factors of q?
2
Suppose 5*z = 3*s + 35, -s = z + s - 20. Let l(j) = 5*j - 10. What are the prime factors of l(z)?
2, 5
Suppose 0 = -0*r + 2*r, 0 = y + 4*r - 264. List the prime factors of y.
2, 3, 11
Let y(g) = -g**2 - g + 2. Let j be y(-5). Let b = -9 - j. What are the prime factors of b?
3
Suppose -5*v + 2*q + 196 = 0, 0 = -3*v + 2*q - 3*q + 122. List the prime factors of v.
2, 5
Let x(p) = -10*p**3 - 2*p**2 + 5*p + 7. What are the prime factors of x(-2)?
3, 23
Let u be (-426)/(-9)*6/4. What are the prime factors of (-2)/10 + u/5?
2, 7
Let x = -20 + 43. What are the prime factors of x?
23
Let x(g) = 30*g + 38. List the prime factors of x(8).
2, 139
Let y be (-1)/(-1*(1 + 0)). Let b be 0 + (-5 - (-1 - y)). What are the prime factors of (5/5)/((-1)/b)?
3
Let b = -6 - -9. Let h be 4*((b - 1) + 2). List the prime factors of h + (2 + -2 - -1).
17
Suppose 2*g + 22 = -2*a, -a - 34 = 3*g + 7. Let t = 33 + g. Suppose 3*b = 3*j - t, 2*b = -2*j + 6*b + 20. List the prime factors of j.
2
Let x = 88 + -49. What are the prime factors of x?
3, 13
Suppose s - 5 + 3 = -5*o, 6 = 3*s. Suppose 2*l + l - 39 = o. What are the prime factors of l?
13
Let g be -1*(-4)/(-6)*-9. Suppose -2*t - 24 = -5*v, v + 3*t = g*v - 26. Suppose -5*p + k + 61 = 0, -4*p + k = v*k - 64. What are the prime factors of p?
13
Suppose 2*c + 2*c = 8. What are the prime factors of (110/(-8) + c)*-4?
47
Let l(z) = z + 22. List the prime factors of l(9).
31
Let g = -73 - -72. Let f(b) = -1 + 2*b - 4*b**2 - 3*b + 3*b**2 - 14*b**3. What are the prime factors of f(g)?
13
Let n(k) = k**3 - 5*k**2 - 6*k + 8. Let a = 8 + -2. What are the prime factors of n(a)?
2
Suppose 0 = s - 2*s + 4. Suppose y + s*c + 0*c = 5, 0 = -5*y + 5*c. Suppose -2 = -g + y. What are the prime factors of g?
3
Let g(d) = -2 - 3*d**2 + d**2 + 4*d**2. Let j be g(2). What are the prime factors of ((-8)/j)/(6/(-45))?
2, 5
Suppose 2*w - 196 = 5*n, -n - 224 = -2*w - 3*n. List the prime factors of w.
2, 3
What are the prime factors of 5/(-25) + (-562)/(-10)?
2, 7
Let c(l) = l**3 - 3*l**2 + 2*l + 2. Let y be c(2). Suppose -y*v + 7 = -7. Let t = v + -2. List the prime factors of t.
5
Suppose 3*k = j + 128, -60 + 20 = -k + 3*j. What are the prime factors of k?
43
Let f(t) = -3*t + 10. What are the prime factors of f(-9)?
37
Let z(x) be the second derivative of x**3/6 + 3*x. List the prime factors of z(16).
2
Let w = 12 + 6. Let v = 26 - w. What are the prime factors of v?
2
Let x be (2 - 3)/(-1) + 4. Suppose 4*i - f = 71, -x*i + 86 = -f - 4. Let l = i + -5. List the prime factors of l.
2, 7
Suppose 5*r - 293 = 2*b, 2*r = 7*r + b - 296. What are the prime factors of r?
59
Let w = -7 + 4. Let t = 5 + w. Suppose -o - t*o = -9. What are the prime factors of o?
3
Let c(u) = u**2 + u + 1. Let m be c(-2). Suppose -66 = -2*b + 4*i, 2*b - m*i - 67 = 2*i. List the prime factors of b.
31
Let c be (-5)/(-25) + (-24)/(-5). Suppose 2 = c*f + 147. Let b = -20 - f. List the prime factors of b.
3
Let j(h) be the first derivative of 2*h**3/3 - 2*h**2 + 2*h - 1. List the prime factors of j(2).
2
Suppose -o + 20 = 5*k, -2*o - 4*k + 16 = -0*o. Suppose o*t - 12 = 4*t. List the prime factors of (0 - 4)*(1 + t).
2
Let q = 49 - 19. What are the prime factors of q?
2, 3, 5
Let p(q) = q**3 + 6*q**2 + 4*q - 3. Let a be p(-5). List the prime factors of 1/a - (-17)/2.
3
Let c = -9 - -16. Suppose 30 = c*b - 2*b. List the prime factors of b.
2, 3
Suppose 4*u - 3*f + 75 = 378, 3*u + 5*f = 220. Let s = u + -40. What are the prime factors of s?
5, 7
Suppose 6*w - 49 = 191. List the prime factors of w.
2, 5
Suppose 5*t + 39 = -r, r + 2*t + 29 = -t. Let l be (r/(-5))/((-1)/5). Let j = 1 - l. What are the prime factors of j?
3, 5
Let i be -1*(0 + -1 + -3). Suppose -i*r + 9 = -r. Suppose x = r + 17. List the prime factors of x.
2, 5
Suppose 0 = 12*s - 18*s + 1842. What are the prime factors of s?
307
Suppose 0 = -5*y + 229 + 21. List the prime factors of y.
2, 5
Let p(h) = -2*h - 3. Let b be p(-3). What are the prime factors of 1/(b/(-6) + 1)?
2
Suppose l = 4*k - 2*l - 98, 0 = k + 3*l - 32. What are the prime factors of k?
2, 13
Suppose 0 = 10*g - 525 - 65. What are the prime factors of g?
59
Let b = -22 + 46. Suppose -3*q + b - 6 = 0. Suppose -a + 2*x - q = -3*a, -a + 5*x + 33